{"id":558,"date":"2022-02-15T01:58:22","date_gmt":"2022-02-15T01:58:22","guid":{"rendered":"https:\/\/www.nyccsa.com\/?page_id=558"},"modified":"2022-04-08T21:55:57","modified_gmt":"2022-04-08T21:55:57","slug":"blog","status":"publish","type":"page","link":"https:\/\/www.nyccsa.com\/?page_id=558","title":{"rendered":"Blog"},"content":{"rendered":"\t\t<div data-elementor-type=\"wp-page\" data-elementor-id=\"558\" class=\"elementor elementor-558\" data-elementor-post-type=\"page\">\n\t\t\t\t\t\t<section class=\"elementor-section elementor-top-section elementor-element elementor-element-62b5b98 elementor-section-boxed elementor-section-height-default elementor-section-height-default\" data-id=\"62b5b98\" data-element_type=\"section\">\n\t\t\t\t\t\t<div class=\"elementor-container elementor-column-gap-default\">\n\t\t\t\t\t<div class=\"elementor-column elementor-col-100 elementor-top-column elementor-element elementor-element-b2ebf4d\" data-id=\"b2ebf4d\" data-element_type=\"column\">\n\t\t\t<div class=\"elementor-widget-wrap elementor-element-populated\">\n\t\t\t\t\t\t<div class=\"elementor-element elementor-element-78a5129 elementor-grid-3 elementor-grid-tablet-2 elementor-grid-mobile-1 elementor-posts--thumbnail-top elementor-posts--show-avatar elementor-card-shadow-yes elementor-posts__hover-gradient elementor-widget elementor-widget-posts\" data-id=\"78a5129\" data-element_type=\"widget\" data-settings=\"{&quot;cards_columns&quot;:&quot;3&quot;,&quot;cards_columns_tablet&quot;:&quot;2&quot;,&quot;cards_columns_mobile&quot;:&quot;1&quot;,&quot;cards_row_gap&quot;:{&quot;unit&quot;:&quot;px&quot;,&quot;size&quot;:35,&quot;sizes&quot;:[]},&quot;cards_row_gap_tablet&quot;:{&quot;unit&quot;:&quot;px&quot;,&quot;size&quot;:&quot;&quot;,&quot;sizes&quot;:[]},&quot;cards_row_gap_mobile&quot;:{&quot;unit&quot;:&quot;px&quot;,&quot;size&quot;:&quot;&quot;,&quot;sizes&quot;:[]}}\" data-widget_type=\"posts.cards\">\n\t\t\t\t<div class=\"elementor-widget-container\">\n\t\t\t\t\t\t\t<div class=\"elementor-posts-container elementor-posts elementor-posts--skin-cards elementor-grid\">\n\t\t\t\t<article class=\"elementor-post elementor-grid-item post-4995 post type-post status-publish format-standard hentry category-sin-categoria\">\n\t\t\t<div class=\"elementor-post__card\">\n\t\t\t\t<div class=\"elementor-post__text\">\n\t\t\t\t<h3 class=\"elementor-post__title\">\n\t\t\t<a href=\"https:\/\/www.nyccsa.com\/?p=4995\" >\n\t\t\t\t\u00c9XODO DE OBREROS DE LA CONSTRUCCI\u00d3N Y POR QU\u00c9 DEBE IMPORTARTE\t\t\t<\/a>\n\t\t<\/h3>\n\t\t\t\t<div class=\"elementor-post__excerpt\">\n\t\t\t<p>La migraci\u00f3n del obrero de la construcci\u00f3n &#8230;<\/p>\n\t\t<\/div>\n\t\t\n\t\t<a class=\"elementor-post__read-more\" href=\"https:\/\/www.nyccsa.com\/?p=4995\" aria-label=\"Read more about \u00c9XODO DE OBREROS DE LA CONSTRUCCI\u00d3N Y POR QU\u00c9 DEBE IMPORTARTE\" tabindex=\"-1\" >\n\t\t\tRead More \u00bb\t\t<\/a>\n\n\t\t\t\t<\/div>\n\t\t\t\t<div class=\"elementor-post__meta-data\">\n\t\t\t\t\t<span class=\"elementor-post-date\">\n\t\t\t1 febrero, 2023\t\t<\/span>\n\t\t\t\t<span class=\"elementor-post-avatar\">\n\t\t\tNo hay comentarios\t\t<\/span>\n\t\t\t\t<\/div>\n\t\t\t\t\t<\/div>\n\t\t<\/article>\n\t\t\t\t<article class=\"elementor-post elementor-grid-item post-2673 post type-post status-publish format-standard has-post-thumbnail hentry category-sin-categoria\">\n\t\t\t<div class=\"elementor-post__card\">\n\t\t\t\t<a class=\"elementor-post__thumbnail__link\" href=\"https:\/\/www.nyccsa.com\/?p=2673\" tabindex=\"-1\" ><div class=\"elementor-post__thumbnail\"><img fetchpriority=\"high\" decoding=\"async\" width=\"768\" height=\"346\" src=\"https:\/\/www.nyccsa.com\/wp-content\/uploads\/2022\/04\/03.-pos-768x346.jpg\" class=\"attachment-medium_large size-medium_large wp-image-2800\" alt=\"\" srcset=\"https:\/\/www.nyccsa.com\/wp-content\/uploads\/2022\/04\/03.-pos-768x346.jpg 768w, https:\/\/www.nyccsa.com\/wp-content\/uploads\/2022\/04\/03.-pos-300x135.jpg 300w, https:\/\/www.nyccsa.com\/wp-content\/uploads\/2022\/04\/03.-pos.jpg 1024w\" sizes=\"(max-width: 768px) 100vw, 768px\" \/><\/div><\/a>\n\t\t\t\t<div class=\"elementor-post__avatar\">\n\t\t\t<img alt='nyccsa_e6mud3' src='https:\/\/www.nyccsa.com\/wp-content\/uploads\/2022\/04\/20200716_143339-1-128x128.jpg' srcset='https:\/\/www.nyccsa.com\/wp-content\/uploads\/2022\/04\/20200716_143339-1.jpg 2x' class='avatar avatar-128 photo' height='128' width='128' \/>\t\t<\/div>\n\t\t\t\t<div class=\"elementor-post__text\">\n\t\t\t\t<h3 class=\"elementor-post__title\">\n\t\t\t<a href=\"https:\/\/www.nyccsa.com\/?p=2673\" >\n\t\t\t\t20 ERRORES QUE TE COSTAR\u00c1N MAS DE $1,000 AL AMPLIAR TU CASA [Segunda Parte]\t\t\t<\/a>\n\t\t<\/h3>\n\t\t\t\t<div class=\"elementor-post__excerpt\">\n\t\t\t<p> [ SEGUNDA PARTE ]<br \/>\nEspero te sea \u00fatil esta segunda parte de los errores que puedes evitar y as\u00ed no gastar de m\u00e1s. Si te gust\u00f3 la primera parte, \u00e9sta contiene m\u00e1s tips que los contratistas de mala praxis no quieres que sepas.<br \/>\nDeja tu comentario para generar m\u00e1s contenido<\/p>\n\t\t<\/div>\n\t\t\n\t\t<a class=\"elementor-post__read-more\" href=\"https:\/\/www.nyccsa.com\/?p=2673\" aria-label=\"Read more about 20 ERRORES QUE TE COSTAR\u00c1N MAS DE $1,000 AL AMPLIAR TU CASA [Segunda Parte]\" tabindex=\"-1\" >\n\t\t\tRead More \u00bb\t\t<\/a>\n\n\t\t\t\t<\/div>\n\t\t\t\t<div class=\"elementor-post__meta-data\">\n\t\t\t\t\t<span class=\"elementor-post-date\">\n\t\t\t8 abril, 2022\t\t<\/span>\n\t\t\t\t<span class=\"elementor-post-avatar\">\n\t\t\tNo hay comentarios\t\t<\/span>\n\t\t\t\t<\/div>\n\t\t\t\t\t<\/div>\n\t\t<\/article>\n\t\t\t\t<article class=\"elementor-post elementor-grid-item post-2370 post type-post status-publish format-standard has-post-thumbnail hentry category-sin-categoria\">\n\t\t\t<div class=\"elementor-post__card\">\n\t\t\t\t<a class=\"elementor-post__thumbnail__link\" href=\"https:\/\/www.nyccsa.com\/?p=2370\" tabindex=\"-1\" ><div class=\"elementor-post__thumbnail\"><img decoding=\"async\" width=\"768\" height=\"576\" src=\"https:\/\/www.nyccsa.com\/wp-content\/uploads\/2022\/04\/blog-01-768x576.jpg\" class=\"attachment-medium_large size-medium_large wp-image-2751\" alt=\"\" srcset=\"https:\/\/www.nyccsa.com\/wp-content\/uploads\/2022\/04\/blog-01-768x576.jpg 768w, https:\/\/www.nyccsa.com\/wp-content\/uploads\/2022\/04\/blog-01-300x225.jpg 300w, https:\/\/www.nyccsa.com\/wp-content\/uploads\/2022\/04\/blog-01.jpg 1024w\" sizes=\"(max-width: 768px) 100vw, 768px\" \/><\/div><\/a>\n\t\t\t\t<div class=\"elementor-post__avatar\">\n\t\t\t<img alt='nyccsa_e6mud3' src='https:\/\/www.nyccsa.com\/wp-content\/uploads\/2022\/04\/20200716_143339-1-128x128.jpg' srcset='https:\/\/www.nyccsa.com\/wp-content\/uploads\/2022\/04\/20200716_143339-1.jpg 2x' class='avatar avatar-128 photo' height='128' width='128' \/>\t\t<\/div>\n\t\t\t\t<div class=\"elementor-post__text\">\n\t\t\t\t<h3 class=\"elementor-post__title\">\n\t\t\t<a href=\"https:\/\/www.nyccsa.com\/?p=2370\" >\n\t\t\t\t20 ERRORES QUE TE COSTAR\u00c1N MAS DE $1,000 AL AMPLIAR TU CASA [Primera Parte]\t\t\t<\/a>\n\t\t<\/h3>\n\t\t\t\t<div class=\"elementor-post__excerpt\">\n\t\t\t<p>[ PRIMER PARTE]<br \/>\nTe enumero el compendio de errores m\u00e1s caros y comunes cuando decides emprender un proyecto de ampliaci\u00f3n. La informaci\u00f3n de este post es gratuita, no por ello es desnutrida. Vale cada centavo de los minutos que te tome leerla. Deja tu comentario para generar m\u00e1s contenido<\/p>\n\t\t<\/div>\n\t\t\n\t\t<a class=\"elementor-post__read-more\" href=\"https:\/\/www.nyccsa.com\/?p=2370\" aria-label=\"Read more about 20 ERRORES QUE TE COSTAR\u00c1N MAS DE $1,000 AL AMPLIAR TU CASA [Primera Parte]\" tabindex=\"-1\" >\n\t\t\tRead More \u00bb\t\t<\/a>\n\n\t\t\t\t<\/div>\n\t\t\t\t<div class=\"elementor-post__meta-data\">\n\t\t\t\t\t<span class=\"elementor-post-date\">\n\t\t\t6 abril, 2022\t\t<\/span>\n\t\t\t\t<span class=\"elementor-post-avatar\">\n\t\t\t2 comentarios\t\t<\/span>\n\t\t\t\t<\/div>\n\t\t\t\t\t<\/div>\n\t\t<\/article>\n\t\t\t\t<\/div>\n\t\t\n\t\t\t\t\t\t<\/div>\n\t\t\t\t<\/div>\n\t\t\t\t\t<\/div>\n\t\t<\/div>\n\t\t\t\t\t<\/div>\n\t\t<\/section>\n\t\t\t\t<\/div>\n\t\t","protected":false},"excerpt":{"rendered":"","protected":false},"author":1,"featured_media":0,"parent":0,"menu_order":0,"comment_status":"closed","ping_status":"closed","template":"","meta":{"_joinchat":[],"footnotes":""},"class_list":["post-558","page","type-page","status-publish","hentry"],"yoast_head":"<!-- This site is optimized with the Yoast SEO plugin v26.5 - https:\/\/yoast.com\/wordpress\/plugins\/seo\/ -->\n<title>Blog | NYCSA<\/title>\n<meta name=\"robots\" content=\"index, follow, max-snippet:-1, max-image-preview:large, max-video-preview:-1\" \/>\n<link rel=\"canonical\" href=\"https:\/\/www.nyccsa.com\/?page_id=558\" \/>\n<meta property=\"og:locale\" content=\"es_ES\" \/>\n<meta property=\"og:type\" content=\"article\" \/>\n<meta property=\"og:title\" content=\"Blog | NYCSA\" \/>\n<meta property=\"og:url\" content=\"https:\/\/www.nyccsa.com\/?page_id=558\" \/>\n<meta property=\"og:site_name\" content=\"NYCSA\" \/>\n<meta property=\"article:modified_time\" content=\"2022-04-08T21:55:57+00:00\" \/>\n<meta name=\"twitter:card\" content=\"summary_large_image\" \/>\n<meta name=\"twitter:site\" content=\"@nutenic\" \/>\n<script type=\"application\/ld+json\" class=\"yoast-schema-graph\">{\"@context\":\"https:\/\/schema.org\",\"@graph\":[{\"@type\":\"WebPage\",\"@id\":\"https:\/\/www.nyccsa.com\/?page_id=558\",\"url\":\"https:\/\/www.nyccsa.com\/?page_id=558\",\"name\":\"Blog | NYCSA\",\"isPartOf\":{\"@id\":\"https:\/\/www.nyccsa.com\/#website\"},\"datePublished\":\"2022-02-15T01:58:22+00:00\",\"dateModified\":\"2022-04-08T21:55:57+00:00\",\"breadcrumb\":{\"@id\":\"https:\/\/www.nyccsa.com\/?page_id=558#breadcrumb\"},\"inLanguage\":\"es\",\"potentialAction\":[{\"@type\":\"ReadAction\",\"target\":[\"https:\/\/www.nyccsa.com\/?page_id=558\"]}]},{\"@type\":\"BreadcrumbList\",\"@id\":\"https:\/\/www.nyccsa.com\/?page_id=558#breadcrumb\",\"itemListElement\":[{\"@type\":\"ListItem\",\"position\":1,\"name\":\"Home\",\"item\":\"https:\/\/www.nyccsa.com\/\"},{\"@type\":\"ListItem\",\"position\":2,\"name\":\"Blog\"}]},{\"@type\":\"WebSite\",\"@id\":\"https:\/\/www.nyccsa.com\/#website\",\"url\":\"https:\/\/www.nyccsa.com\/\",\"name\":\"NYCSA\",\"description\":\"N\u00fa\u00f1ez &amp; Carranza Construcciones S.A.\",\"publisher\":{\"@id\":\"https:\/\/www.nyccsa.com\/#\/schema\/person\/f69223f75e65ffd48a4148060d0b84b7\"},\"potentialAction\":[{\"@type\":\"SearchAction\",\"target\":{\"@type\":\"EntryPoint\",\"urlTemplate\":\"https:\/\/www.nyccsa.com\/?s={search_term_string}\"},\"query-input\":{\"@type\":\"PropertyValueSpecification\",\"valueRequired\":true,\"valueName\":\"search_term_string\"}}],\"inLanguage\":\"es\"},{\"@type\":[\"Person\",\"Organization\"],\"@id\":\"https:\/\/www.nyccsa.com\/#\/schema\/person\/f69223f75e65ffd48a4148060d0b84b7\",\"name\":\"nyccsa_e6mud3\",\"image\":{\"@type\":\"ImageObject\",\"inLanguage\":\"es\",\"@id\":\"https:\/\/www.nyccsa.com\/#\/schema\/person\/image\/\",\"url\":\"https:\/\/www.nyccsa.com\/wp-content\/uploads\/2022\/04\/20200716_143339-1.jpg\",\"contentUrl\":\"https:\/\/www.nyccsa.com\/wp-content\/uploads\/2022\/04\/20200716_143339-1.jpg\",\"width\":212,\"height\":216,\"caption\":\"nyccsa_e6mud3\"},\"logo\":{\"@id\":\"https:\/\/www.nyccsa.com\/#\/schema\/person\/image\/\"},\"sameAs\":[\"https:\/\/www.nyccsa.com\"]}]}<\/script>\n<!-- \/ Yoast SEO plugin. -->","yoast_head_json":{"title":"Blog | NYCSA","robots":{"index":"index","follow":"follow","max-snippet":"max-snippet:-1","max-image-preview":"max-image-preview:large","max-video-preview":"max-video-preview:-1"},"canonical":"https:\/\/www.nyccsa.com\/?page_id=558","og_locale":"es_ES","og_type":"article","og_title":"Blog | NYCSA","og_url":"https:\/\/www.nyccsa.com\/?page_id=558","og_site_name":"NYCSA","article_modified_time":"2022-04-08T21:55:57+00:00","twitter_card":"summary_large_image","twitter_site":"@nutenic","schema":{"@context":"https:\/\/schema.org","@graph":[{"@type":"WebPage","@id":"https:\/\/www.nyccsa.com\/?page_id=558","url":"https:\/\/www.nyccsa.com\/?page_id=558","name":"Blog | NYCSA","isPartOf":{"@id":"https:\/\/www.nyccsa.com\/#website"},"datePublished":"2022-02-15T01:58:22+00:00","dateModified":"2022-04-08T21:55:57+00:00","breadcrumb":{"@id":"https:\/\/www.nyccsa.com\/?page_id=558#breadcrumb"},"inLanguage":"es","potentialAction":[{"@type":"ReadAction","target":["https:\/\/www.nyccsa.com\/?page_id=558"]}]},{"@type":"BreadcrumbList","@id":"https:\/\/www.nyccsa.com\/?page_id=558#breadcrumb","itemListElement":[{"@type":"ListItem","position":1,"name":"Home","item":"https:\/\/www.nyccsa.com\/"},{"@type":"ListItem","position":2,"name":"Blog"}]},{"@type":"WebSite","@id":"https:\/\/www.nyccsa.com\/#website","url":"https:\/\/www.nyccsa.com\/","name":"NYCSA","description":"N\u00fa\u00f1ez &amp; Carranza Construcciones S.A.","publisher":{"@id":"https:\/\/www.nyccsa.com\/#\/schema\/person\/f69223f75e65ffd48a4148060d0b84b7"},"potentialAction":[{"@type":"SearchAction","target":{"@type":"EntryPoint","urlTemplate":"https:\/\/www.nyccsa.com\/?s={search_term_string}"},"query-input":{"@type":"PropertyValueSpecification","valueRequired":true,"valueName":"search_term_string"}}],"inLanguage":"es"},{"@type":["Person","Organization"],"@id":"https:\/\/www.nyccsa.com\/#\/schema\/person\/f69223f75e65ffd48a4148060d0b84b7","name":"nyccsa_e6mud3","image":{"@type":"ImageObject","inLanguage":"es","@id":"https:\/\/www.nyccsa.com\/#\/schema\/person\/image\/","url":"https:\/\/www.nyccsa.com\/wp-content\/uploads\/2022\/04\/20200716_143339-1.jpg","contentUrl":"https:\/\/www.nyccsa.com\/wp-content\/uploads\/2022\/04\/20200716_143339-1.jpg","width":212,"height":216,"caption":"nyccsa_e6mud3"},"logo":{"@id":"https:\/\/www.nyccsa.com\/#\/schema\/person\/image\/"},"sameAs":["https:\/\/www.nyccsa.com"]}]}},"_links":{"self":[{"href":"https:\/\/www.nyccsa.com\/index.php?rest_route=\/wp\/v2\/pages\/558","targetHints":{"allow":["GET"]}}],"collection":[{"href":"https:\/\/www.nyccsa.com\/index.php?rest_route=\/wp\/v2\/pages"}],"about":[{"href":"https:\/\/www.nyccsa.com\/index.php?rest_route=\/wp\/v2\/types\/page"}],"author":[{"embeddable":true,"href":"https:\/\/www.nyccsa.com\/index.php?rest_route=\/wp\/v2\/users\/1"}],"replies":[{"embeddable":true,"href":"https:\/\/www.nyccsa.com\/index.php?rest_route=%2Fwp%2Fv2%2Fcomments&post=558"}],"version-history":[{"count":10,"href":"https:\/\/www.nyccsa.com\/index.php?rest_route=\/wp\/v2\/pages\/558\/revisions"}],"predecessor-version":[{"id":2687,"href":"https:\/\/www.nyccsa.com\/index.php?rest_route=\/wp\/v2\/pages\/558\/revisions\/2687"}],"wp:attachment":[{"href":"https:\/\/www.nyccsa.com\/index.php?rest_route=%2Fwp%2Fv2%2Fmedia&parent=558"}],"curies":[{"name":"wp","href":"https:\/\/api.w.org\/{rel}","templated":true}]}}